 the prime factors of 38730809?
13, 127, 23459
List the prime factors of 1251231124.
2, 11, 13, 337, 6491
What are the prime factors of 1565682933?
3, 23, 43, 527699
List the prime factors of 1279516368.
2, 3, 13, 2050507
What are the prime factors of 1251693836?
2, 829, 377471
List the prime factors of 177119437.
11, 1463797
List the prime factors of 1034885324.
2, 11, 23520121
What are the prime factors of 18739151?
17, 557, 1979
List the prime factors of 4785606.
2, 3, 7, 19, 1999
What are the prime factors of 100309343?
100309343
What are the prime factors of 470254432?
2, 14695451
List the prime factors of 4292807659.
7, 613258237
List the prime factors of 4051554464.
2, 37, 3421921
List the prime factors of 3650709726.
2, 3, 547, 599, 619
What are the prime factors of 79057288?
2, 9882161
List the prime factors of 68908395.
3, 5, 17, 270229
What are the prime factors of 62561664?
2, 3, 11, 4937
What are the prime factors of 36427937?
7, 13, 400307
List the prime factors of 22412875.
5, 19, 9437
List the prime factors of 5607389909.
11, 89, 5727671
List the prime factors of 1073269976.
2, 17, 23, 251, 1367
What are the prime factors of 329239868?
2, 82309967
List the prime factors of 4079217925.
5, 31, 61, 86287
What are the prime factors of 32315461?
47, 14629
List the prime factors of 52101077.
7, 7443011
List the prime factors of 1436062306.
2, 7, 14653697
What are the prime factors of 1811262033?
3, 7, 9583397
List the prime factors of 186975639.
3, 17, 1222063
What are the prime factors of 12236133?
3, 7, 13, 19, 337
List the prime factors of 305687899.
11, 499, 55691
What are the prime factors of 19246502?
2, 11, 79531
What are the prime factors of 637983202?
2, 449, 710449
List the prime factors of 5367701681.
1549, 3465269
What are the prime factors of 251247694?
2, 103, 1219649
List the prime factors of 1662050775.
3, 5, 7, 11, 287801
List the prime factors of 28324950.
2, 3, 5, 188833
What are the prime factors of 782583452?
2, 7, 4999, 5591
What are the prime factors of 37252835?
5, 43, 163, 1063
What are the prime factors of 1605262352?
2, 100328897
What are the prime factors of 234424116?
2, 3, 6511781
List the prime factors of 1013554453.
25633, 39541
What are the prime factors of 1574532918?
2, 3, 7, 1388477
List the prime factors of 91057892.
2, 22764473
What are the prime factors of 2267025532?
2, 43, 13180381
What are the prime factors of 977388395?
5, 17, 59, 79, 2467
List the prime factors of 1098500545.
5, 219700109
What are the prime factors of 14370111?
3, 7, 228097
List the prime factors of 299990410.
2, 5, 31, 239, 4049
List the prime factors of 3263566460.
2, 5, 7, 11, 2119199
What are the prime factors of 134069876?
2, 33517469
List the prime factors of 1278139096.
2, 13, 53, 461, 503
List the prime factors of 2675059643.
23, 1523, 76367
List the prime factors of 5083016303.
17, 37, 181, 44647
What are the prime factors of 33561199?
7, 43, 2593
What are the prime factors of 51591679?
51591679
List the prime factors of 571276454.
2, 7, 40805461
What are the prime factors of 2302538826?
2, 3, 7, 19, 31, 93077
List the prime factors of 360553872.
2, 3, 7, 1073077
List the prime factors of 53696479.
739, 72661
What are the prime factors of 302121884?
2, 29, 2604499
List the prime factors of 897107291.
37, 601, 40343
List the prime factors of 63797301.
3, 787621
List the prime factors of 34344117.
3, 3816013
List the prime factors of 144932920.
2, 5, 11, 329393
What are the prime factors of 3412077868?
2, 31, 167, 164771
What are the prime factors of 2246148965?
5, 163, 2756011
List the prime factors of 7271218175.
5, 13, 31, 721709
What are the prime factors of 4994331226?
2, 2621, 952753
What are the prime factors of 302922220?
2, 5, 15146111
What are the prime factors of 100784390?
2, 5, 7, 23, 59, 1061
What are the prime factors of 12153810?
2, 3, 5, 17, 23831
What are the prime factors of 116095198?
2, 58047599
List the prime factors of 15934122.
2, 3, 19, 46591
List the prime factors of 8452714.
2, 1709, 2473
What are the prime factors of 75880947?
3, 4229, 5981
List the prime factors of 185746858.
2, 11, 767549
What are the prime factors of 99472692?
2, 3, 11, 79, 9539
List the prime factors of 1151896833.
3, 23, 5564719
What are the prime factors of 271706228?
2, 67926557
What are the prime factors of 381130284?
2, 3, 31760857
List the prime factors of 772448554.
2, 19157, 20161
List the prime factors of 564841843.
23, 24558341
What are the prime factors of 158393323?
11, 14399393
List the prime factors of 118124481.
3, 23, 1711949
What are the prime factors of 358549271?
509, 704419
List the prime factors of 145386810.
2, 3, 5, 1009, 1601
List the prime factors of 85946048.
2, 1342907
What are the prime factors of 4874971?
17, 286763
List the prime factors of 26598407.
11, 2418037
What are the prime factors of 25177588?
2, 167, 37691
List the prime factors of 90325339.
13, 6948103
List the prime factors of 2447992880.
2, 5, 97, 167, 1889
List the prime factors of 1887574618.
2, 71, 13292779
List the prime factors of 6881191.
6881191
What are the prime factors of 49488332?
2, 1297, 9539
List the prime factors of 866971783.
59, 239, 61483
List the prime factors of 70584216.
2, 3, 163, 18043
What are the prime factors of 3531590?
2, 5, 43, 191
List the prime factors of 4963195648.
2, 19387483
What are the prime factors of 254864545?
5, 13, 53, 167, 443
What are the prime factors of 5598438?
2, 3, 933073
What are the prime factors of 61832889?
3, 763369
What are the prime factors of 1108080001?
7, 158297143
List the prime factors of 122613893.
37, 1279, 2591
List the prime factors of 293638693.
59, 4976927
List the prime factors of 747025526.
2, 13, 17, 1690103
List the prime factors of 60195997.
17, 461, 7681
What are the prime factors of 13629643?
1481, 9203
List the prime factors of 189811516.
2, 47452879
What are the prime factors of 83708990?
2, 5, 31, 270029
List the prime factors of 1583571177.
3, 37, 4755469
What are the prime factors of 258271593?
3, 29, 2968639
What are the prime factors of 154720737?
3, 17191193
List the prime factors of 1344268212.
2, 3, 7, 23, 695791
What are the prime factors of 42629843?
89, 317, 1511
What are the prime factors of 863834600?
2, 5, 17, 29, 8761
List the prime factors of 2422854765.
3, 5, 59, 71, 12853
What are the prime factors of 22201680?
2, 3, 5, 92507
List the prime factors of 241435468.
2, 3019, 19993
What are the prime factors of 601958?
2, 7, 19, 31, 73
What are the prime factors of 2391986392?
2, 2239, 133541
List the prime factors of 2118830.
2, 5, 7, 30269
What are the prime factors of 82049423?
109, 752747
What are the prime factors of 488057885?
5, 7, 1992073
What are the prime factors of 2665603?
127, 139, 151
What are the prime factors of 13422665?
5, 43, 149, 419
What are the prime factors of 2993258766?
2, 3, 498876461
List the prime factors of 1409142623.
7, 4441, 45329
What are the prime factors of 57391605?
3, 5, 425123
What are the prime factors of 22360764?
2, 3, 59, 31583
What are the prime factors of 1611107367?
3, 19031, 28219
What are the prime factors of 4264496495?
5, 7, 17, 7167221
What are the prime factors of 28047209?
103, 317, 859
What are the prime factors of 135015749?
11, 12274159
List the prime factors of 14807148.
2, 3, 1233929
What are the prime factors of 2757856447?
2757856447
What are the prime factors of 747629797?
1399, 534403
List the prime factors of 113489820.
2, 3, 5, 23, 79, 347
What are the prime factors of 11247022?
2, 67, 83933
List the prime factors of 865895941.
37, 23402593
What are the prime factors of 48425241?
3, 16141747
What are the prime factors of 3436117175?
5, 281, 489127
What are the prime factors of 69921561?
3, 17, 431, 3181
List the prime factors of 1639847578.
2, 47, 17445187
What are the prime factors of 301922506?
2, 1381, 109313
What are the prime factors of 658553454?
2, 3, 13, 37, 5851
What are the prime factors of 186942565?
5, 37388513
List the prime factors of 237722234.
2, 118861117
What are the prime factors of 63117748?
2, 15779437
List the prime factors of 171659506.
2, 17, 5048809
List the prime factors of 5185819936.
2, 11, 23, 58231
What are the prime factors of 165542514?
2, 3,